04 (base 5) to base 15.
1821e
2264442 (base 7) to base 15
59646
What is 7cc91 (base 14) in base 15?
6027e
100011100101000010010 (base 2) to base 13
31a862
What is -208307 (base 11) in base 6?
-11050120
-4022114 (base 5) to base 6
-1212242
10233033222 (base 4) to base 14
24492a
Convert -122021201112 (base 3) to base 8.
-1230421
Convert -2064442 (base 7) to base 14.
-67822
Convert -6b6d8 (base 14) to base 16.
-3ff9e
Convert -432036 (base 7) to base 12.
-375a0
What is -551731 (base 8) in base 9?
-312164
Convert 9733a9 (base 16) to base 9.
20572728
Convert -4bc160 (base 15) to base 2.
-1101110111011111110110
Convert 25a540 (base 14) to base 10.
1296204
-844948 (base 10) to base 2
-11001110010010010100
Convert 256402 (base 9) to base 4.
211333103
What is -276f48 (base 16) in base 6?
-131220440
Convert 267340 (base 8) to base 3.
11202211112
3858420 (base 9) to base 13
589596
What is -20122442 (base 5) in base 6?
-3241205
-101220110222 (base 3) to base 11
-137320
Convert -ab532 (base 16) to base 10.
-701746
7654ac (base 15) to base 9
11541840
Convert -8601400 (base 10) to base 4.
-200303330320
-13612563 (base 7) to base 2
-100111000101011000101
What is -1569c (base 14) in base 6?
-1051242
-112001545 (base 6) to base 13
-56b784
What is -11343343 (base 6) in base 9?
-602160
What is -244035244 (base 6) in base 14?
-8981d2
21b6647 (base 12) to base 8
30511427
-174724 (base 9) to base 6
-2154121
-10280 (base 12) to base 9
-31866
Convert 3003342034 (base 5) to base 15.
7bd8e9
What is 4838332 (base 10) in base 8?
22351674
What is 120021222211 (base 3) in base 13?
a7065
What is -16663646 (base 7) in base 5?
-410133132
What is 2220241413 (base 5) in base 7?
56150624
12021100122 (base 3) to base 12
50082
Convert -637385 (base 10) to base 6.
-21354505
What is 20212031003 (base 4) in base 10?
2253635
-147865b (base 13) to base 16
-63a60e
Convert -13232604 (base 10) to base 2.
-110010011110100111011100
Convert a0384 (base 15) to base 10.
507049
Convert 314a28 (base 11) to base 4.
1323020212
Convert 27c0c5 (base 14) to base 6.
45310021
What is -110012222000 (base 3) in base 9?
-405860
What is -7d4b21 (base 14) in base 4?
-100110101121
656054 (base 13) to base 14
460a46
-5360070 (base 8) to base 13
-3b2723
Convert -488010 (base 9) to base 3.
-112222000100
Convert -17f0dd (base 16) to base 15.
-20ed44
19287 (base 15) to base 7
456556
2210212211 (base 3) to base 5
3232233
-7487848 (base 10) to base 15
-9cd94d
Convert 120320200 (base 4) to base 7.
603100
What is -11234431 (base 5) in base 4?
-121001123
-221220233332 (base 4) to base 12
-37a453a
-72512 (base 8) to base 3
-1112012002
900046 (base 14) to base 9
10086788
What is 234578 (base 10) in base 6?
5010002
What is -3303044 (base 5) in base 7?
-324105
What is -1001110110100011011 (base 2) in base 3?
-121101212011
What is 102010120012121 (base 3) in base 8?
26442522
What is 9a4b3c (base 15) in base 9?
14752383
-54130403 (base 7) to base 11
-2670500
What is 12a9661 (base 13) in base 5?
3001011441
Convert 4d514b (base 14) to base 15.
37980c
Convert 87473 (base 11) to base 6.
2420001
Convert -68554 (base 11) to base 15.
-1e5a8
Convert 1011011021011 (base 3) to base 4.
2111232202
What is -142111135 (base 6) in base 16?
-2c4803
What is 32a4983 (base 11) in base 9?
11803868
What is 35213415 (base 6) in base 12?
44726b
What is 8854 (base 13) in base 8?
45065
Convert -20424442 (base 7) to base 8.
-6440612
-3d5df (base 16) to base 13
-8a544
Convert 1223053 (base 6) to base 4.
33333021
Convert -45a71 (base 12) to base 6.
-1555021
-376969 (base 11) to base 9
-1105807
Convert 58dc3 (base 15) to base 13.
9bbc2
Convert 52356 (base 11) to base 13.
28957
11233004 (base 5) to base 3
12012021012
-51726 (base 9) to base 8
-102515
What is -1302145 (base 6) in base 7?
-412325
Convert 9209a0 (base 12) to base 2.
1000101101001110001000
Convert -1c4de (base 15) to base 3.
-11200112002
Convert -12b178 (base 13) to base 16.
-6e8f2
Convert -6076 (base 16) to base 15.
-74b4
-4c358 (base 13) to base 3
-21011200012
Convert -200202221220 (base 3) to base 6.
-11530553
-12210201111202 (base 3) to base 15
-40e015
What is 17b62 (base 14) in base 15?
12b11
What is -3364066 (base 7) in base 12?
-18270a
What is 22c1c11 (base 13) in base 12?
3721147
101112020211 (base 3) to base 4
302211310
What is -24313446 (base 8) in base 2?
-10100011001011100100110
23404053 (base 6) to base 14
1509c5
What is -102210220 (base 3) in base 6?
-103510
What is 1ced5b (base 16) in base 7?
22054013
Convert 101210120020 (base 3) to base 11.
135768
30176 (base 10) to base 7
153656
Convert 19aea (base 15) to base 8.
243016
What is 5472807 (base 9) in base 7?
34000426
-111011110001000001 (base 2) to base 15
-4c801
-21a63 (base 12) to base 3
-2021100010
Convert -1121121221102 (base 3) to base 11.
-537194
What is 21200111200100 (base 3) in base 14?
784677
What is -1302520 (base 6) in base 7?
-412566
Convert -30180000 (base 9) to base 14.
-1cc5bac
What is -110210100000002 (base 3) in base 12?
-2339692
Convert -4594223 (base 10) to base 8.
-21415057
-6235739 (base 11) to base 10
-11002935
34744 (base 16) to base 8
643504
390753 (base 10) to base 16
5f661
12260164 (base 8) to base 12
aa9304
Convert 447642 (base 10) to base 4.
1231102122
What is -19a84 (base 16) in base 13?
-38ab0
-1100010110111101100 (base 2) to base 15
-7eed2
Convert 29a83 (base 15) to base 11.
91747
Convert -101220232030 (base 4) to base 9.
-8625807
What is -1a089 (base 16) in base 7?
-622612
11222202202 (base 3) to base 6
2034502
21001121221021 (base 3) to base 11
2133025
What is 202011122102200 (base 3) in base 5?
10221022020
What is 4464842 (base 9) in base 11?
13a2949
Convert -20002202220 (base 3) to base 5.
-12320440
Convert -24982 (base 10) to base 9.
-37237
What is -31320320 (base 5) in base 15?
-523aa
What is 1487 (base 9) in base 11?
93a
What is -1340131 (base 5) in base 3?
-1101210001
Convert -165120 (base 9) to base 12.
-4b153
Convert -110110011001011111001111 (base 2) to base 7.
-232131566
5145504 (base 6) to base 11
159a54
-24052555 (base 6) to base 9
-1367688
Convert 1309a6 (base 11) to base 15.
41154
What is -26956 (base 15) in base 11?
-8495a
What is -21020031033 (base 4) in base 16?
-24834f
Convert 122200013021 (base 4) to base 3.
111001221212102
Convert -1046256 (base 9) to base 2.
-10001001010001100000
Convert -312036424 (base 7) to base 14.
-261dd4b
252404214 (base 6) to base 7
56341603
-1150741 (base 8) to base 11
-1a6358
-571302 (base 8) to base 4
-233023002
What is -128258 (base 9) in base 4?
-103012022
What is -40867a (base 11) in base 12?
-277529
What is -138148 (base 12) in base 15?
-664ae
Convert -222232113 (base 4) to base 13.
-61866
What is -100110101001010011111011 (base 2) in base 4?
-212221103323
What is -96808 (base 13) in base 6?
-5453211
5002512 (base 7) to base 12
244b69
-405a1 (base 13) to base 14
-2ddc0
What is 545c9 (base 13) in base 7?
1203623
What is -1001100011010110001 (base 2) in base 9?
-526327
Convert 1a4a105 (base 11) to base 13.
93c23a
Convert 10013032120 (base 4) to base 9.
2022864
What is -145cdd (base 14) in base 16?
-accab
What is -1010001111110101110000 (base 2) in base 12?
-a96700
What is 13422011 (base 7) in base 2?
100110000111110111110
37249b (base 13) to base 9
2430300
What is 56895 (base 14) in base 13?
74907
What is 3781674 (base 9) in base 11?
1188873
What is 67233 (base 8) in base 4?
12322123
1010111101110011100 (base 2) to base 4
1113232130
-6ba07 (base 13) to base 7
-1451005
2302211231 (base 4) to base 11
45a651
42462a (base 12) to base 10
1044610
Convert 521545 (base 10) to base 6.
15102321
What is 221000031 (base 4) in base 12?
81239
What is 321231032 (base 4) in base 6?
5022142
Convert -1253051425 (base 6) to base 15.
-14ae808
Convert -1012021031 (base 4) to base 2.
-1000110001001001101
What is -101100001001100000001111 (base 2) in base 13?
-25229b0
What is -11222144 (base 6) in base 7?
-2635336
What is -104013423 (base 5) in base 2?
-1101110111001011110
What is -358516 (base 11) in base 12?
-2345a4
What is 10011000011100100 (base 2) in base 12?
39204
Convert -1022212030 (base 5) to base 4.
-20030112311
114324001 (base 5) to base 15
aaa86
-6c3d3 (base 14) to base 7
-2150153
-1210100200 (base 3) to base 11
-24539
What is -101102120211202 (base 3